o = -10, y + 3*o + 0 + 15 = 0. Suppose 5*j + 5*c = 4*c + 730, 4*j + 4*c - 600 = y. Is j a composite number?
True
Suppose 11*f - 15*f - 4*y + 670060 = 0, 2*y - 670072 = -4*f. Is f a prime number?
True
Let x be (10*1)/(8/(-12)). Let l(v) = v + 14. Let d be l(x). Is ((-1)/(d - 1))/(26/69524) prime?
False
Let p be ((-1093)/(-2))/(5/(-4 + 14)). Suppose -3571 = 2*r + p. Let k = -1431 - r. Is k a prime number?
False
Suppose 2*i - 43 - 39 = 5*d, 3*d + 51 = 3*i. Is (-2)/d - 342/(-48)*191 a prime number?
True
Let v be -16 + 20 + 35686/1. Suppose 6*w - v = 6892. Is w composite?
True
Is (-24)/32*(5 + (1550288/(-12) - 5)) composite?
False
Let f(k) = 512*k**2 + 4*k + 22. Let u(s) = s**3 + 4*s**2 - s - 3. Let w be u(0). Is f(w) a composite number?
True
Let z(s) = 5*s**2 - 4*s**2 - 2*s**2 + 5*s. Let i be z(4). Suppose y - i*c = 5*y - 324, 2*c = -4. Is y a composite number?
False
Is 883 + 9/(135/(-210)) prime?
False
Let b(a) = 16*a**2 - 8*a - 25. Let q(f) = 11*f**2 - 9*f - 25. Let s(w) = -2*b(w) + 3*q(w). Let m = -35 + 24. Is s(m) a composite number?
True
Let r be (6668/(-6))/(10/(-15)). Let v = r - 1000. Is v a composite number?
True
Let g(b) = -51*b - 13. Suppose -s - 1 = -0*s + 5*d, 0 = 3*s + 4*d + 14. Is g(s) prime?
True
Suppose n - 3*c - 726 = 195, -c - 4633 = -5*n. Suppose 16*l = -7308 + 1324. Let a = n + l. Is a prime?
False
Suppose -7*s = -s - 1728. Suppose -2*l = 38 - s. Suppose -h + 86 + l = 0. Is h composite?
False
Suppose -5*b + 20 = 0, 10*j - b + 74 = 5*j. Let q(m) = 5*m**2 - 15*m + 17. Is q(j) a composite number?
True
Is ((-8)/(-128))/((-3)/(-12790896)) a prime number?
True
Suppose 0 = -4*o + o - 2*m + 7, -5*m - 5 = 3*o. Suppose -4783 = -j + o*t, 3*j = -5*t + 7483 + 6866. Is j a prime number?
True
Let f(c) = 19486*c**3 - 12*c**2 + 7*c - 8. Is f(3) a prime number?
True
Let y be 1*2/((-6)/9*-1). Suppose -5*n = -5*o - 34 + 14, 0 = o - y*n + 10. Let z(m) = -187*m. Is z(o) prime?
False
Let r(x) be the third derivative of 19*x**5/60 - 31*x**4/24 + 53*x**3/6 - 93*x**2 - 1. Is r(20) composite?
True
Let q = -19990 + 35608. Let o = q + -9371. Is o prime?
True
Suppose 0 = -9*m - 46*m + 1365595. Is m a prime number?
False
Suppose 5*c - 14 - 1 = 0. Let o(v) = 71*v**3 + 6 - 63*v**c + 8*v - 3*v**2 + 6*v**2. Is o(5) prime?
False
Is (-1465)/879 + 406444/6 prime?
False
Suppose -27 = -2*r - 3*f, r - 4 = 4*f + 37. Is -982*(1 - r/6) a composite number?
True
Let g be (-208)/(-6) + 4/(-6). Suppose -p + 137 = -4*d, -2*p - 23*d = -18*d - 326. Let m = g + p. Is m prime?
False
Let g = 6791 + -2006. Suppose g = 3*n + 2*t, 3*n - 2927 = 5*t + 1858. Suppose 6*p + 5 = n. Is p a prime number?
False
Let s = 118 + -114. Suppose 0 = 5*p + s*f - 7890 - 12775, 20665 = 5*p - f. Is p a prime number?
True
Suppose -347501 = 5*b - 340911 - 2076655. Is b a composite number?
False
Suppose -2 = -4*v - 3*h - 42, -3*v - 5*h = 19. Let i = v - 9. Let d(j) = -2*j**3 - 39*j**2 + 28*j + 15. Is d(i) a composite number?
True
Let t(u) = -u + 11. Let k be t(8). Suppose 0 = 3*s - 5*v - 24, -k*s = s + 2*v - 6. Suppose -4*p + d = -713, 2 = p + s*d - 186. Is p a prime number?
True
Suppose 7*w = 12*w - 7*h - 142788, -2*h + 142797 = 5*w. Is w prime?
True
Let b be (2/(-7))/(1/(-7)) + 1808. Suppose 5*m - 10*m = -b. Suppose 5*n + 3*i - 944 = 0, 2*n + 0*n - 4*i - m = 0. Is n prime?
False
Suppose -21*n + 71006 = 3869. Suppose 2*j = -5*h + n, -2*j = -h - 0*h + 649. Is h a composite number?
False
Let w(x) be the second derivative of -6*x + 23/2*x**2 - 77/6*x**3 + 0. Is w(-7) a composite number?
True
Let a = 97892 + -64959. Is a prime?
True
Let r(y) = 6465*y + 2309. Is r(24) a prime number?
False
Let f = 208 - -280. Suppose 0 = f*s - 492*s + 70084. Is s prime?
False
Suppose 114 = f + 118. Is (-8)/6*(-6 + 5298/f) composite?
True
Let h(t) = 11*t**2 - 8*t - 176. Let w be 535/(-25) + 0 - 6/(-15). Is h(w) prime?
False
Let k(a) = 12*a**2 + 16*a + 6. Let w be k(18). Suppose 17*v - w = 11*v. Is v composite?
True
Let r = 220 - 185. Is r - 35 - (-3029)/1 a prime number?
False
Let i(d) = 220*d - 113. Let v(t) = 661*t - 336. Let p(h) = 17*i(h) - 6*v(h). Is p(-6) a prime number?
True
Suppose 377454 - 139714 = b. Suppose 0 = -20*d + b + 75320. Is d composite?
True
Let a be -1 - ((-4)/(-6))/((-4)/30). Is (a - 42/6) + 790 prime?
True
Let u be (0/(-2) - 3) + 490. Suppose -u = -0*f - f. Let l = f + -234. Is l a composite number?
True
Let w(r) = -6652*r**3 + 22*r**2 - 67*r - 12. Let b(l) = 2218*l**3 - 7*l**2 + 22*l + 4. Let y(t) = 7*b(t) + 2*w(t). Is y(3) composite?
False
Suppose -u - 7 = 3*q, 0*q + 17 = 4*u - 3*q. Suppose f = u*i - 370, 2*i + 4*f - 239 = 151. Is i a prime number?
False
Suppose 0 = -26*q + 19*q + 2023. Let b = -90 + q. Is b composite?
False
Suppose 4*i - 48314 = -2*q, -55*i + 53*i + 4*q = -24142. Is i a prime number?
False
Let h = -186 + 285. Let b = -96 + h. Is 543 + (b - 8 - 0) a prime number?
False
Suppose -113*s + 8806501 = 8*s. Is s a prime number?
False
Let d(w) = -w**2 + 14*w + 18. Let v(i) = -2*i**2 + 15*i + 18. Let f(j) = 4*d(j) - 3*v(j). Is f(-7) a composite number?
True
Let i be 386 - 10*(-5)/(-50). Suppose 6 = 2*u - 4. Suppose -2*v - i = -n, -u*n + 4*v = -v - 1910. Is n prime?
True
Let x(m) = -19*m - 14. Let k(i) = i - 7. Let q be k(-9). Let u be x(q). Suppose s = -5*a + 1492, 2*a - u = a - 3*s. Is a a prime number?
False
Is ((-9462354)/(-184) - 10/115)/((-9)/(-36)) composite?
False
Suppose 8*p + 174 = -7634. Let u = -99 - p. Is u a composite number?
False
Let z = -34 - -39. Suppose 0 = 5*h - l - 23, 4*l + 0*l = -z*h + 33. Suppose -h*w + 5354 - 1989 = 0. Is w a prime number?
True
Suppose 9*p = -2*g + 662894, 287*p - 282*p = 3*g - 994341. Is g a composite number?
False
Suppose -2*a - 7*n = -5*n + 554, 2*a + 574 = 2*n. Let b = 8471 + a. Is b a prime number?
False
Let m(k) = 3*k - 1. Let f be m(2). Suppose 5*n - 1532 = a, -2*a + 1538 = f*n - a. Is n composite?
False
Suppose 7*c + 104 = 132. Suppose -4263 = -5*o + b, c*o + 2*b = 3*o + 857. Is o prime?
True
Let h be -765 + 2 + -2 - 6. Is h*(-3 - 48/(-18)) composite?
False
Let c be 1 + 1*58905 + 2. Suppose -c = -9*g - 6609. Suppose 0 = -6*y - 7*y + g. Is y prime?
False
Let d be ((-1)/3)/(1/(-9)). Suppose 0 = -3*j - d*g - 1752, -2*g = -5*g + 9. Let h = -214 - j. Is h a prime number?
True
Let g = 4191 + 2298. Let k = g + -2696. Is k a prime number?
True
Suppose -2*p = -3*p - 8. Is 7299 - 2/(-5)*(p + 3) composite?
False
Let x = -387 + 1613. Suppose -4*g + 2517 = -1295. Suppose g + x = l. Is l prime?
True
Let h = -1 + -2. Let p be (-2 - -2)*h/(-6). Suppose p*v - 14434 = -7*v. Is v prime?
False
Suppose -99*y + 43*y + 5309416 = 0. Is y prime?
True
Let d = -137 - -157. Is 2038/(1 + d/(-28)) prime?
False
Let l(b) = -155*b - 2. Let j be l(-3). Let u = 1165 - 1163. Is (u - (-3 - -1)) + j prime?
True
Let h = 443 - 420. Suppose -h*k + 871493 = -0*k. Is k composite?
True
Let l be 10/(-4)*(48/15 + -4). Suppose -l*h - 3 = -1, 3*h + 23 = 5*x. Suppose 3*p + 5*i = 1183, 5*i - 1596 = -x*p + 3*i. Is p prime?
True
Let j = -17346 + 693467. Is j a composite number?
True
Let z be (-39647)/(-4) + 53/212. Suppose -6*d + 11034 = -z. Is d composite?
False
Suppose 3*w - 56 = -2*g + 3, -5*g = w - 11. Let m = 21 - w. Suppose -7*q = -m*q - 1477. Is q a composite number?
False
Suppose u + 146 = 149. Is (-3)/(-2*u/3314) a prime number?
True
Suppose -2*m - y = 4943 - 50361, 0 = -3*m + 5*y + 68153. Is m a prime number?
False
Let g(n) = 75017*n**2 - 31*n + 13. Is g(1) a composite number?
True
Let w(p) = 344*p**2 + 38*p + 1. Let c(q) = q**3 + q**2 - 6*q - 3. Let f be c(-2). Is w(f) composite?
True
Let j(o) = 228*o**2 + 4*o + 7. Let n = 71 + -66. Let q = n - 7. Is j(q) a prime number?
True
Suppose -5*l - 63521 = 3*m - 6*m, -m = -2*l - 21175. Is m composite?
True
Suppose 974*w - 971*w = -3*x + 676329, -5*w + 1127191 = -x. Is w a composite number?
True
Let q be (0 - -3786) + -5 + -5. Suppose -z + 9279 = i, 2*z + q = -5*i + 22340. Is z a prime number?
True
Let u(j) = -j**2 - 13*j + 6. Suppose -51 - 7 = 4*f + 2*d, d = -3. Let m be u(f). Suppose -m*z + 10*z = 508. Is z composite?
False
Let c(v) = 8*v**3 + 5*v**2 - 39*v - 12. Let g be c(12). Let r = -2885 + g. Is r composite?
True
Is -1*4/(-6) + (-1020352)/(-12) + 13 a prime number?
False
Let f = 167627 - 98854. Is f a prime number?
False
Let l = 6848